 Let a be g(-13). List the prime factors of k(a).
2, 23
What are the prime factors of 46680/(-16)*8/(-6)?
2, 5, 389
Let s = 1267 - -1759. What are the prime factors of s?
2, 17, 89
Let r = -312 + 1435. What are the prime factors of r?
1123
Let v(w) = 2*w**2 + 17*w + 242. List the prime factors of v(38).
2, 59
Let j = 6788 - 3649. What are the prime factors of j?
43, 73
Let r(x) = -3*x**3 + 22*x**2 + 36*x - 35. Let n(c) = 2*c**3 - 15*c**2 - 24*c + 23. Let k(v) = -8*n(v) - 5*r(v). What are the prime factors of k(11)?
2
Suppose -11*x - 7*x + 7650 = 0. List the prime factors of x.
5, 17
Let b(t) be the first derivative of -t**4/4 + 8*t**3/3 + 9*t**2/2 - 8*t + 5. Let l be b(9). Let r(q) = -5*q - 13. List the prime factors of r(l).
3
Suppose -3*w = -v + 21, 7*v - 2*v + 5*w = 165. Let m = v - 25. List the prime factors of m.
5
Let q(g) = 27*g**2 - 6*g - 3. List the prime factors of q(4).
3, 5
Let w(h) = 54*h**3 + 4*h**2 - 6*h. Let a be w(2). Let s = a - 258. List the prime factors of s.
2, 89
Suppose -2*w = -m - 8, -w = 5*m - 6 + 2. Let q = w + 1. Suppose 110 + 105 = q*b. What are the prime factors of b?
43
Let b be (-75)/(-30)*(-1 + 3). Suppose -20 - 21 = -3*m - b*u, 5*u - 75 = -5*m. List the prime factors of m.
17
Suppose -t + 4*t = -3*q + 165, 5*q + 73 = t. Suppose 4*i + t = 2*m, -4*m + i = 49 - 151. What are the prime factors of m?
5
List the prime factors of (108 - 100) + 482/2.
3, 83
Let q be (2/(-4))/(4/(-8)). List the prime factors of -1 + 25*2/q.
7
Let z(p) = -4*p**3 - 13*p**2 - 10*p - 9. Let d be z(-8). Suppose -w = 8*w - d. List the prime factors of w.
11, 13
List the prime factors of (-14712)/(-15) + (-19)/(-95).
3, 109
Let k = 4 + -2. Suppose 0 = 2*w + 5*a + 141, k*w - 243 = 5*w - 3*a. List the prime factors of 5/(-25) - w/15.
5
Let d(b) = 51*b + 102. Let a(o) = -17*o - 34. Let p(r) = -17*a(r) - 6*d(r). What are the prime factors of p(-4)?
2, 17
Let f(i) = 1. Let v(u) = -u**3 + 12*u**2 - 11*u + 10. Let c(l) = 2*f(l) + v(l). List the prime factors of c(8).
2, 3, 5
Suppose 23 = 5*l - 107. Let f = l + -16. Let w = f + -4. What are the prime factors of w?
2, 3
Let f be 2/(5 + 8/(-2)). Suppose -3*t = -f*o + 87, -123 = -3*o - t - 2*t. List the prime factors of o.
2, 3, 7
Suppose c = -c + 5*g + 795, 390 = c - g. List the prime factors of c.
5, 7, 11
Let h = 6 + -4. Suppose 0 = -3*z - h*z - 25, o - 8 = -3*z. What are the prime factors of o?
23
Let f = -137 + 347. List the prime factors of f.
2, 3, 5, 7
Suppose 0 = -2*x + 24. Let w(i) = 7*i**2 - 39*i + 34. Let h(n) = 11*n**2 - 59*n + 51. Let o(k) = 5*h(k) - 8*w(k). What are the prime factors of o(x)?
43
Suppose 5*w - 20 = 0, -3*o - 2*w + 69 = -50. Suppose -2*a + 3*h = -47, -3*a + 4*a + 3*h = o. What are the prime factors of a?
2, 7
Suppose 3*c = c - g - 2, -3*c - 25 = -4*g. Let y(p) = 1 + p + 0*p + 0 - 4*p - 2*p**3. What are the prime factors of y(c)?
2
Suppose 3*j + 31 = -4*h, 2*j - 5*j - 3*h - 33 = 0. Let b = -12 - j. List the prime factors of 9/(-6)*-2 - b.
2
Let o = 1261 - 526. List the prime factors of o.
3, 5, 7
Let d(l) = -6 - 12 + 0*l - 14*l**2 + l**3 - 12*l. List the prime factors of d(15).
3
Let r be -15*1/12*4. Let x(c) = c**2 - 2*c - 10. Let g be x(r). Let f = g - 8. List the prime factors of f.
17
Let k(j) = -4*j - 4. Let l be k(16). Let i = l + 207. List the prime factors of i.
139
What are the prime factors of (-21)/6 + 3 + 28665/42?
2, 11, 31
Suppose -2*y - 6 = 0, 5*y + 3316 = 3*d - 224. What are the prime factors of d?
5, 47
Let o(c) be the second derivative of -7*c**3/6 - 83*c**2/2 - 37*c. List the prime factors of o(-16).
29
Let z(c) = 27*c - 3. Let n = -22 + 25. What are the prime factors of z(n)?
2, 3, 13
Let p be (-264)/55*(-75)/2. Suppose 0 = 5*t + 2*i - p, 3*i - 20 = -2*t + 41. List the prime factors of t.
2, 19
Let y(c) = 20*c. Let b(a) = -a + 2. Let i(k) = 4*b(k) - y(k). What are the prime factors of i(-7)?
2, 11
Let s(i) = 5*i**2 - 3*i + 6. Let t(k) = -4*k**2 + 4*k - 7. Let b(j) = -3*s(j) - 4*t(j). Let y be b(7). Suppose 0 = x - y - 8. List the prime factors of x.
2, 3
Let v(x) = x**3 + 30*x**2 - 12*x - 102. List the prime factors of v(-24).
2, 3, 607
Suppose 3*a = 2*a - 5*z + 5, -5*a + 5*z - 125 = 0. Let f = 34 + a. What are the prime factors of ((-36)/f)/(3/(-14))?
2, 3
Let z be ((-2)/(-4) - (-77)/(-22)) + 5. Suppose 2*p + 1119 = 5*v, -11 = -z*v - p + 442. List the prime factors of v.
3, 5
Let q(t) = -t**2 - 7*t + 4. Let w be (-4)/3*9/3. Let u be q(w). Suppose 2*b + u = 80. What are the prime factors of b?
2
Let h(f) = 1130*f + 82. What are the prime factors of h(2)?
2, 1171
Let g(p) = -34*p + 7. Let f(h) = -34*h + 8. Let w(s) = -2*f(s) + 3*g(s). List the prime factors of w(-2).
73
List the prime factors of 13/(-52) - (-4904)/32.
3, 17
Let a be 2*(-3)/6*4. Let m = a - -28. List the prime factors of m - 2*2/(-4).
5
Let y be 3/(4/8 - -1). Let k(u) = 2 - 20*u**y - 4*u + 43*u**2 - 24*u**2. What are the prime factors of k(-4)?
2
Suppose 5*a - f - 28469 = 0, 2*a - 19221 = 2*f - 7835. What are the prime factors of a?
2, 3, 13, 73
Suppose 3*v - r = 35, -2*v + 5*r = -41 - 4. List the prime factors of 1/((v/(-2))/(-525)).
3, 5, 7
Suppose -c - 18 = -0*c. Let i = 12 + c. Let p = 15 + i. What are the prime factors of p?
3
Suppose 2*b + 2*i = 7*b + 113, -74 = 3*b + 5*i. Suppose -4*p + 5 = 77. Let t = p - b. List the prime factors of t.
5
List the prime factors of (-10 - -2036)*5/10.
1013
Let p(h) = -2*h + 54. Let t be p(26). Suppose 2*d + 3*d = -5*l + 1235, 5*l = t*d + 1235. List the prime factors of l.
13, 19
Suppose -46*z = -70091 - 128031. What are the prime factors of z?
59, 73
Let w = 58 - 46. Suppose -n + 89 - w = 0. List the prime factors of n.
7, 11
Let u(y) = 119*y**2 + 5*y + 7. What are the prime factors of u(-3)?
1063
Let o(m) = 6*m**2 + 2*m + 1. Let k be o(3). List the prime factors of (k/3 + 1)/((-11)/(-66)).
2
Let x(c) = 5*c**2 + 3*c + 3. Let w be x(4). Let p be 2 + 2 + -2 + w. Let b = p + -61. What are the prime factors of b?
2, 3
Let l(n) = -31*n - 15. What are the prime factors of l(-5)?
2, 5, 7
Let m(d) = 2*d**3 - 2*d**2 - 9*d - 9. Let u be m(8). Suppose o - 151 = -3*g, -5*o - 3*g + u = -8*g. What are the prime factors of o?
2, 5
What are the prime factors of 717 + ((-4)/1 - (-6)/1)?
719
Let d(v) be the first derivative of -v**2/2 + 12*v + 14. List the prime factors of d(-8).
2, 5
Suppose 0 = 9*a - 4 - 23. List the prime factors of 2*(144/a + (-6)/4).
3, 31
Let j(w) = -w**3 + 7*w**2 - 6*w - 3. Let t be j(6). Let s be 15/t*(1 - 55). Suppose -4*u + 9*u = s. What are the prime factors of u?
2, 3
Let j(n) = 18*n - 184. List the prime factors of j(13).
2, 5
Let v = 741 + 1226. What are the prime factors of v?
7, 281
Let u = -3 + 1265. What are the prime factors of u?
2, 631
Let v = 1428 - 745. What are the prime factors of v?
683
Let a(o) = 6*o + 12 + 0*o - 5*o + 0*o. Let w be a(-7). Suppose 21 + 64 = w*r - 5*m, -5*m - 10 = 0. List the prime factors of r.
3, 5
Let h(p) be the third derivative of p**5/60 - 3*p**4/8 + 4*p**3/3 + 30*p**2. What are the prime factors of h(9)?
2
List the prime factors of ((-6085)/(-15) - (2 + 3))*3.
2, 601
What are the prime factors of (607 - -4)/(9/18)?
2, 13, 47
Suppose 2*g = -p - 12, 0 = -7*p + 2*p + g - 115. List the prime factors of (-63)/(-14)*p/(-3).
3, 11
Suppose b + 4*v = 8, 4*b - 3*v + 1 = -5. Suppose 4*z - 228 = 4*j, b = z + 4*j - j - 41. List the prime factors of z.
53
Suppose 3*m = -4*q + 8159, 13*q - 5447 = -2*m + 18*q. What are the prime factors of m?
3, 907
Suppose -3*u - 3*o + 37 = 1, -u + o = -20. Let w be 7/(-2) - 8/u. What are the prime factors of (-1)/(2/(-160)) - w?
2, 3, 7
Let z = 31 + -29. Suppose 2*m = -2*l + 74, -3*l + 2*m = z*l - 199. What are the prime factors of l?
3, 13
Let k = -313 - -477. What are the prime factors of k?
2, 41
Let a be 7 - (-4 + 0 + -1). Let s = 64 - a. What are the prime factors of s?
2, 13
Let p(y) = 484*y**2 + 2*y - 2. List the prime factors of p(1).
2, 11
Suppose -5*c - 1 - 9 = 0, 0 = 3*v + 3*c. Let z = 8 - v. Suppose -z*u + 38 = -5*u. What are the prime factors of u?
2, 19
Let j be (-3)/6 + 7*3/(-6). Let o be (-10)/3*24/(-5). What are the prime factors of 1*(-2*o)/j?
2
Suppose 0 = -86*f + 15082 + 3494. List the prime factors of f.
2, 3
Let y(v) = 5*v + 5. Let q be y(0). Suppose 2*r -